h = 48 - -48. Let c(s) = -s**3 + 17*s**2 - 21*s + 10. Let a be c(16). Let k = a + 82. What is the highest common divisor of h and k?
12
Suppose -5*b = -0*b + 90. Let s = 25 + b. Suppose -59*c + 48*c + 847 = 0. What is the highest common factor of s and c?
7
Suppose 8*u - 646 - 1082 = 0. Let p be 122/5 + 4/(-10). What is the highest common factor of p and u?
24
Suppose -4*o + 7*o - 3*w - 918 = 0, 5*w + 10 = 0. Calculate the highest common divisor of o and 16.
16
Suppose -13*j = -445 - 426. Calculate the highest common factor of 1 and j.
1
Let m be (-20)/70 - (-12)/(-7). Let n be (-1)/(-2)*(12 + m). Suppose 6*y - n*y = 49. What is the highest common divisor of y and 7?
7
Let f be 4312/16 + (-2)/(-4). Suppose 10*o - f = 8*o. Calculate the highest common divisor of 54 and o.
27
Let h(f) = -f. Let q(r) = 13. Let z(m) = 2*h(m) - q(m). Suppose 10 = 3*g - 5, 4*d = -5*g - 27. Let b be z(d). Calculate the highest common divisor of 91 and b.
13
Suppose z + 2558 = 3*i + 5*z, -3*i - 5*z = -2554. Calculate the highest common divisor of 78 and i.
78
Suppose 5*d - x = -0*d + 11, 2*x - 8 = 0. Let z be ((-12)/5)/(d/(-90)). Let g = -19 + 43. What is the greatest common factor of g and z?
24
Let b be 8/((-28)/(-7)) + 46. Suppose -4*y + 79 = -209. Calculate the greatest common factor of y and b.
24
Let j = 58 + -106. Let x = j + 49. What is the highest common factor of 1 and x?
1
Suppose 15*o + 61 - 451 = 0. Calculate the highest common divisor of 4 and o.
2
Let u(r) = 2*r + 5. Let x be 8/6*(-2 - 1). Let k be 9/((-18)/x + -3). Let w be u(k). Calculate the greatest common factor of 153 and w.
17
Suppose 0 = 3*j - y - 43, 3*y = -7 + 22. What is the highest common divisor of 320 and j?
16
Let b = 405 + -201. What is the highest common factor of 36 and b?
12
Let k = -385 - -387. Let a = 0 + 2. What is the highest common factor of a and k?
2
Let m = 22 + -22. Suppose 4*t = -m + 20. Let h be t*4/10 + 1. What is the highest common factor of h and 1?
1
Let f be (0 - 28/3)*-18. Let d = -20 - -20. Suppose d = -t + 4*t - 4*q - 60, -q = -5*t + 117. What is the greatest common factor of t and f?
24
Let f be (-3)/(((-1)/3)/1). Suppose -1441*t = -1464*t + 1656. Calculate the greatest common divisor of t and f.
9
Suppose -8*c + 216 = -5*c. Suppose -24 = -2*t + 3*b, 0*t + 12 = t - 4*b. Calculate the greatest common factor of t and c.
12
Suppose 3*p - 776 = -7*x + 3*x, -2*p + 499 = -x. What is the greatest common divisor of p and 45?
9
Let q(a) = a**3 + 4*a**2 - 29*a + 5. Let n be q(4). What is the highest common divisor of 187 and n?
17
Let v = 6999 - 4893. What is the highest common divisor of v and 26?
26
Suppose 0 = 3*c - 2*c. Suppose 2*f = -2*y + 228, c*y - f + 465 = 4*y. Let u be 5 + 15 + -7 + 0. What is the greatest common factor of u and y?
13
Let z(y) = 11*y - 128. Let n be z(12). What is the greatest common divisor of 27 and n?
1
Let p = -893 + 1300. What is the greatest common factor of 37 and p?
37
Suppose -2*b = -h + 32, 35 = 2*h - b - 11. Let w(x) = 100*x. Let i be w(1). Calculate the highest common divisor of i and h.
20
Suppose -2480 = -345*n + 340*n. Calculate the greatest common divisor of n and 186.
62
Suppose 5*o - 1 = 4*f + 24, -3*f + o - 5 = 0. Suppose f = 4*v + 11 - 27. Let a = v - 2. What is the highest common factor of 8 and a?
2
Let l = 43 - 15. Let o(j) = 9*j**2 - 307*j + 38. Let g be o(34). Calculate the highest common factor of l and g.
4
Suppose 2*d + 4*c = 0, 0 = -4*d - 5*c + 2 + 10. Let j(b) = 9*b + 467. Let l be j(-51). Calculate the greatest common divisor of d and l.
8
Let i = 299 - 110. Calculate the greatest common divisor of 42 and i.
21
Let b(k) = 3*k + 481. Let n be b(0). Let o = n + -236. What is the highest common divisor of o and 98?
49
Suppose 0 = -l + 3*b + 2, -3*l + 4*l - 2*b - 1 = 0. Let s be 402 - 35 - (1 - l)/(-1). Calculate the highest common divisor of s and 41.
41
Suppose 132 - 12 = 2*v. Let y(o) = o**2 - 7*o + 18. Let k be y(10). What is the highest common factor of v and k?
12
Suppose 2*q - 18 = 40. Suppose 0*u + 21 = 3*u + 5*r, 0 = -4*u + r + 5. Let b be 112/u + 4/2. What is the highest common factor of b and q?
29
Suppose -2*q = -s + 28, 14*q - 170 = -5*s + 9*q. Calculate the greatest common factor of s and 1024.
32
Let d(w) = w**3 + 5*w**2 + 2*w - 2. Let m be d(-4). Suppose m*c - c = 15. Suppose c = 5*u - 97. Calculate the highest common divisor of u and 8.
4
Let t be (-417)/(-18) + 6/144*-4. What is the highest common factor of 253 and t?
23
Suppose 5*s + b + 156 = 7*s, -3*s = -4*b - 244. Calculate the greatest common divisor of 418 and s.
38
Let r be 5 + 219 + 8 + -16. What is the greatest common factor of r and 54?
54
Let v(j) = 2*j**2 + 30*j + 3. Let g be v(-15). Let r be 2 - ((3 - g) + 0). Calculate the highest common factor of r and 3.
1
Suppose 2*l - 15 = 7. Let p(b) = -b**2 + 10*b + 19. Let h be p(l). Calculate the greatest common divisor of h and 4.
4
Let a = 8045 + -5545. What is the greatest common factor of a and 25?
25
Suppose -7*o + 2 + 124 = 0. Suppose 4*z - 167 + 27 = 0. Let i = 62 - z. What is the highest common factor of o and i?
9
Let l(y) = -31*y - 115. Let i be l(-5). Calculate the highest common factor of 10 and i.
10
Suppose 5*j + 5*w - 90 = 0, -4*w = -j - j + 12. Calculate the highest common factor of 35 and j.
7
Let d be (6 - -21)/((-15)/(-10)). Calculate the highest common divisor of 306 and d.
18
Let w(y) = -y**3 - 2*y**2 + 2*y + 3. Let f be w(-4). Suppose -52 = -4*s - 16. Calculate the greatest common divisor of f and s.
9
Let o be (-285)/(-76)*4/3. Suppose 3*u = 4*u - o. Let f be u - 4 - (1 + -40). What is the greatest common factor of f and 20?
20
Let o = -301 + 343. What is the highest common factor of o and 63?
21
Let a = -91 - -102. Let j = 253 - 220. Calculate the greatest common factor of a and j.
11
Suppose m - 1164 = -11*m. Calculate the greatest common divisor of 1 and m.
1
Let s(i) = -15 - 25 + 29 + 4*i**2 + 3*i. Let r be s(-7). Calculate the greatest common factor of r and 41.
41
Let l be (-440)/(-2) - (-90 - -88). What is the highest common factor of 6 and l?
6
Let d = 257 + -157. Let q = -94 + d. Let o = 45 - 27. What is the highest common divisor of q and o?
6
Let w(h) = -3 + 5*h - 4*h - 9*h**2 + 0*h**3 + 11*h**2 - h**3. Let s be w(-3). What is the highest common factor of 26 and s?
13
Let w(n) = n**3 + 30*n**2 + 28*n - 22. Let d be w(-29). Suppose 0 = m - 56 - 14. Calculate the highest common factor of m and d.
7
Let p(a) = 2*a**2 - 17*a + 25. Let f = 32 + -21. Let w be p(f). Calculate the highest common factor of 40 and w.
40
Suppose -5*g = -3*f + 125, -4*f + 29*g - 25*g = -164. Calculate the greatest common divisor of 8 and f.
8
Let z(o) = 2424*o**2 + 102*o - 101. Let c be z(1). What is the highest common factor of 97 and c?
97
Let q(j) = 10*j**3 + 13*j**2 + 17*j - 8. Let u be q(-9). Let w be 1/7*-2 - u/98. What is the highest common factor of 52 and w?
13
Suppose -7*i - 53 + 88 = 0. Calculate the greatest common divisor of 5 and i.
5
Suppose r + 5*w - 32 = 0, 2*r - 4*w + 2*w = 88. Calculate the greatest common divisor of r and 322.
14
Suppose 0 = -3*d - 2*t - 40, 5*d = t - 33 - 25. Let k be 18/d*102/(-9). Calculate the highest common factor of 153 and k.
17
Suppose d - 1915 = -4*t, -4*d + 5 = 25. What is the highest common divisor of 15 and t?
15
Let g = 2574 + -1210. What is the highest common factor of g and 248?
124
Suppose b + 5 = 35. Calculate the highest common factor of b and 46.
2
Let c = -245 - -264. Calculate the highest common factor of 247 and c.
19
Let o be (-8)/(-5) - (-8)/20. Suppose -3*i + 25 = o*i. Suppose -4*q + p + 611 = 0, 5*q = 4*q + i*p + 129. Calculate the greatest common divisor of 14 and q.
14
Suppose 2*r + r + 5*j = 282, -r = -3*j - 108. Suppose -377 = -4*y + r. Let a = y + -39. Calculate the highest common divisor of 32 and a.
16
Let w = 94 + -30. Suppose u + w = 5*u. Let g(v) = 10*v**2 - 3*v - 1. Let n be g(3). Calculate the greatest common divisor of n and u.
16
Suppose 2*u + l + 22 = 3*u, u + 3*l = 10. Suppose 3*t - u = -4. Suppose -2*o + 0*m = -4*m - 6, -t*o = 4*m - 57. What is the greatest common divisor of o and 81?
9
Let v be 26/4 - (-2)/(-4). Suppose 440 = v*k - 328. What is the greatest common factor of k and 8?
8
Let l = 1 + 4. Suppose 0 